((-8)/(-84)). Suppose 4*p + q = 7*p. What is the highest common divisor of s and p?
14
Let u = -6734 - -6741. Calculate the greatest common divisor of 497 and u.
7
Let o be 1406 - ((3 - -3) + (-14)/2). Calculate the greatest common divisor of o and 63.
21
Suppose 4*l + 253 = 4*h - 491, 0 = -4*l - 16. Calculate the greatest common factor of h and 819.
91
Let h be (-2 - 21/(-9)) + (-3542)/42. Let z(q) = -37*q. Let n be z(-3). Let d = n + h. What is the highest common divisor of d and 36?
9
Let t be 6/8 + (-60)/16 + 3. Suppose 170*v - 157*v - 65 = t. Calculate the highest common factor of v and 17.
1
Suppose -15*b = -29*b - 98. Let m be b/(169/(-21) - -8). What is the greatest common factor of 3 and m?
3
Suppose f = 130 + 335. Suppose -7*t + 9*t = -3*j + 390, 4*t + 3*j = 762. Calculate the greatest common divisor of f and t.
93
Let q be (-194)/8*24/(-3) - -1. Suppose 318 = 3*u - q. Calculate the highest common divisor of 18 and u.
9
Let r = 3797 + -3149. What is the greatest common factor of 1188 and r?
108
Let f be (40 + -1)*(-1)/(-1). Let v = -17 + f. Suppose 3*a - v = m, -5*a - 5*m - 27 + 97 = 0. Calculate the highest common factor of 99 and a.
9
Suppose -3*l + y = -253, 0 = 5*y - 37 + 42. What is the highest common divisor of 966 and l?
42
Let n(t) = -3*t**2 - 14*t + 11. Suppose 5*y + 2*w + 29 = 0, -4*w = -5*y - 8 - 9. Let s be n(y). Calculate the highest common divisor of s and 30.
6
Suppose 5*r = 356 + 294. Let l(h) = -h**3 + 54*h**2 + 109*h + 171. Let q be l(56). Let m be (-24 - -18)*(-13)/q. What is the greatest common factor of r and m?
26
Suppose -2*p = 2, p + 105 - 14 = 3*w. Let z(x) = -7*x + 220. Let v be z(w). What is the highest common divisor of v and 85?
5
Let c be (-4563)/(-108) - (2 + (-14)/8). Let q be (-2)/12 - (-133)/c. Calculate the greatest common factor of q and 11.
1
Suppose 0 = -2*w - 5 - 1. Let y be (0 + 1/w)*-627. Suppose 21*j - 234 = 165. What is the greatest common divisor of y and j?
19
Let n = -6850 - -2226. Let p = n - -6545. What is the greatest common factor of 17 and p?
17
Suppose 15*f - 5680 + 370 = 0. Suppose 0 = -12*l - f + 1794. Calculate the greatest common divisor of 5 and l.
5
Let o(t) = t**2 - 14*t - 45. Let n be o(25). Let f = 290 - n. What is the greatest common divisor of 30 and f?
30
Let h(r) = -323*r + 22. Let y be h(1). Let m = -261 - y. What is the highest common divisor of 360 and m?
40
Let q be 9 + (6*-1 - -2). Suppose -q*g = 3*d - 260, -148 = -2*d + 2*g + 4. Let z be ((-8)/10)/(2/5) + 62. Calculate the greatest common divisor of d and z.
20
Let w = 112 + -70. Suppose 0*d + 2*d = -3*v + 6, 0 = -3*d. Let n(j) = 8*j**2 + 3*j - 10. Let t be n(v). What is the highest common divisor of w and t?
14
Let g be (-1298*(-1)/(-3))/((-18)/(-2025)*-5). What is the greatest common divisor of 15 and g?
15
Let i be 297/693 + ((-2)/(-6) - 59424/(-63)). What is the greatest common factor of 560 and i?
16
Suppose -g = 2*t + 5, 2*g - 3*t + 10 - 35 = 0. Suppose 0*u = -g*u + 35. Let j be 8/10 + 1/5. Calculate the greatest common divisor of j and u.
1
Suppose 10*w = 189 - 2159. Let r = -181 - w. Calculate the greatest common divisor of 12 and r.
4
Let w(d) = -d**3 - 3*d**2 - 4*d - 4. Let p be w(-4). Suppose 0 = -10*a + 8*a - 3*a + 35. Calculate the highest common factor of p and a.
7
Let m(v) = -v**3 + 11*v**2 - 5*v - 2. Let l be m(4). What is the greatest common factor of l and 108?
18
Let t(v) = 5*v - 8 - 3*v - v. Let o be (55/15 + -3)/((-4)/(-72)). Let i be t(o). What is the highest common factor of i and 44?
4
Suppose 0 = 3*r + 3*j - 15, 3*r - 4*r = -2*j - 20. Calculate the highest common factor of r and 13570.
10
Suppose 0 = -o - 4*t + 72, -14*t + 52 = o - 15*t. Let z(f) = 6*f - 3. Let r be z(4). What is the greatest common factor of o and r?
7
Let j(r) = -2*r**2 - 2*r + 4. Let y be j(0). Suppose 0 = 5*d - y*h - 255 - 185, h = -5. What is the highest common factor of 21 and d?
21
Let a be 33147/5 - 168/(-280). Calculate the highest common factor of a and 30.
30
Let f = 42 + -38. Let a be f*((-42)/(-8) - 4). Let n(l) = 41*l + 4. Let o be n(1). What is the highest common divisor of a and o?
5
Suppose -3*t = j - 13755, 6032 = 3*t + 19*j - 7723. Calculate the highest common divisor of t and 315.
35
Let r(t) = -t**2 + 2*t + 38. Let c be r(6). Suppose -5*o - 90 = -5*y, 14*y = 11*y + 2*o + 57. Calculate the highest common factor of c and y.
7
Let x = -19210 - -29052. What is the highest common factor of 38 and x?
38
Suppose 3*y = -36*x + 38*x + 96, -y = 2*x - 16. Calculate the highest common factor of y and 525.
7
Let r = -184 + 228. Suppose -5*w - r = -364. Calculate the highest common factor of 192 and w.
64
Let q(i) = -12*i - 23. Let n be q(4). Let w = n + 100. Suppose 3*b - 5*o = w, 0*b - b - 3*o + 33 = 0. Calculate the greatest common divisor of 6 and b.
6
Suppose 135*l - 1382 = 1588. Let k = 0 + 5. Suppose -k*i + 6 = -49. Calculate the greatest common divisor of i and l.
11
Let p = -201 - -203. Suppose -c + 3 = -2*h + h, 0 = p*c + 4*h - 30. What is the greatest common divisor of c and 49?
7
Let b(n) = 132*n**2 - 3*n - 5. Let x be b(-2). Let u = x - 489. What is the highest common factor of u and 48?
8
Suppose 2*b - 86 = 4*v, 25*v = 4*b + 28*v - 183. What is the highest common divisor of b and 345?
15
Let m be ((-2)/3)/((-3)/18). Suppose -m*y = 7 - 23. Suppose 0 = y*z - 43 - 65. Calculate the greatest common factor of z and 27.
27
Let f be ((-9)/6)/((-3)/(-6)). Let t be -69*(f + (-20)/(-6)). Let k = 49 + t. What is the highest common factor of 130 and k?
26
Suppose z - 6 = 0, 38*r = 35*r + 4*z + 2760. What is the highest common divisor of r and 3944?
232
Suppose 5*s + 16 + 57 = 4*y, -4*y + s + 53 = 0. Suppose -39*x + 378 = -y*x. Calculate the greatest common divisor of 182 and x.
14
Suppose 2*s = 15*s - 8424. Calculate the greatest common factor of s and 8.
8
Suppose y - 304 = -3*k, -170 = -3*y - 3*k + 712. Suppose d + y = 2*c, 5*d = -5 - 10. Calculate the highest common factor of c and 26.
13
Let j be (1/((-21)/(-180)))/(3/315). What is the greatest common factor of 84 and j?
12
Let v be 2*1 + (-36)/9. Let b be (0/(1/1))/v. Let h(i) = -i**2 - 5*i + 15. Let m be h(b). What is the greatest common divisor of m and 120?
15
Suppose 21979 = 3*l + u, -12*l + 15*l = 4*u + 22004. Calculate the highest common divisor of l and 32.
32
Suppose 0 = 3*s + 132 + 60. Let i = s + 104. Let j be (18/(-15))/((-2)/i). What is the greatest common divisor of 60 and j?
12
Let p be 0/3 + (0 - (-1 - 2)). Suppose -p*c - 19 = -187. Let o = c - 55. What is the highest common factor of 9 and o?
1
Let x = 3195 + -2760. What is the greatest common divisor of 1595 and x?
145
Let n(z) = 2*z**2 + 2*z + 3. Let s be n(5). Let k(v) = v**2 - 147*v - 2743. Let y be k(-17). What is the greatest common factor of y and s?
9
Let c be (-4)/(-14) - (-44272)/(-112). Let i = 563 + c. Calculate the greatest common factor of 84 and i.
84
Suppose -64*g - 1671 = -2375. Calculate the highest common divisor of g and 23562.
11
Let p = 5478 + -5415. Let h(b) = -16*b - 5. Let x be h(-2). Calculate the highest common divisor of x and p.
9
Let f = 152 + -147. Suppose -n = -5*n + 3*c + 503, f*c - 399 = -3*n. What is the highest common factor of n and 48?
16
Suppose 3*p - 104700 = -3*a, 283*p - 282*p + 3*a - 34916 = 0. What is the highest common factor of 88 and p?
44
Let k be ((-16)/(-10))/(136/5780). What is the greatest common divisor of 8228 and k?
68
Let w(s) = -5*s + 292*s**2 + 2*s + 56 + 10*s + 16*s + 4*s. Let a be w(-2). Calculate the greatest common divisor of a and 90.
90
Suppose -2*y - 78 = 4*y. Let t(h) = 21 + 241254*h - 241266*h - h**2 + 13. Let k be t(y). Calculate the greatest common divisor of 3 and k.
3
Let w(a) = -11*a. Let f be w(1). Let h be (2 + (-32)/6)/(f/132). Suppose h = 2*l - g, -l = g + 2*g - 13. What is the highest common divisor of l and 57?
19
Let y = -3823 - -3836. What is the highest common divisor of 8840 and y?
13
Let u be ((-34)/68*1)/((-2)/16). What is the greatest common factor of u and 4868?
4
Let w be (182/(-35))/(1/20). Let q = w - -126. Let h = 3 + -1. What is the greatest common factor of q and h?
2
Suppose -3*u + 11 - 205 = -4*p, 2*u = p - 46. Suppose 15*w = -331 - 344. Let l = w + p. Calculate the greatest common divisor of l 